NOAA-Style klimatska poročila

Izberi mesečna ali letna poročila
2017: jan feb mar apr maj jun jul avg sep okt nov dec
2016: jan feb mar apr maj jun jul avg sep okt nov dec
2015: jan feb mar apr maj jun jul avg sep okt nov dec
2014: jan feb mar apr maj jun jul avg sep okt nov dec
2013: jan feb mar apr maj jun jul avg sep okt nov dec
2012: jan feb mar apr maj jun jul avg sep okt nov dec
2011: jan feb mar apr maj jun jul avg sep okt nov dec
2010: jan feb mar apr maj jun jul avg sep okt nov dec
2009: jan feb mar apr maj jun jul avg sep okt nov dec
2008: jan feb mar apr maj jun jul avg sep okt nov dec
2007: jan feb mar apr maj jun jul avg sep okt nov dec
2006: jan feb mar apr maj jun jul avg sep okt nov dec
2005: jan feb mar apr maj jun jul avg sep okt nov dec
2004: jan feb mar apr maj jun jul avg sep okt nov dec
2003: jan feb mar apr maj jun jul avg sep okt nov dec
2002: jan feb mar apr maj jun jul avg sep okt nov dec

Poročilo za 2011 maj
                   Monthly Climatological Summary for maj 2011

Name: Vremenska postaja Okroglo   City: Kal nad Kanalom   State: Slovenija
Elevation: 770 m  Lat: N 46° 04' 21"   Lon: E 013° 44' 04"

                  Temperature (°C), Rain (mm), Wind Speed (km/h)

                                      Heat  Cool        Avg
    Mean                              Deg   Deg         Wind                 Dom
Day Temp  High   Time   Low    Time   Days  Days  Rain  Speed High   Time    Dir
----------------------------------------------------------------------------------
 1  11,2  19,5   15:10   7,0   06:20   6,8   0,0   5,2   4,4  23,4   11:02    NE
 2  13,2  16,1   17:00   7,9   03:39   4,8   0,0   0,0   3,4  22,7   20:00   WNW
 3  12,0  16,9   15:21   7,9   03:39   6,0   0,0   0,0   6,1  32,8   22:00    SW
 4   8,2  14,3   16:07   4,0   08:00   9,8   0,0   0,0  10,2  52,2   06:23   ESE
 5   8,7  14,8   18:07   3,8   06:00   9,3   0,0   0,0   3,9  19,4   11:35     W
 6  10,6  15,9   15:00   5,8   06:00   7,4   0,0   0,0   2,6   9,0   17:00    SW
 7  13,0  18,3   15:50   8,3   06:00   5,0   0,0   0,0   3,9  22,3   14:10     W
 8  13,3  21,9   15:42   6,8   23:00   4,7   0,0   1,0   7,0  32,4   16:30   SSE
 9  12,1  19,1   18:00   6,6   00:00   5,9   0,0   0,0   4,7  24,5   09:00   ENE
10  15,0  22,6   16:14   8,6   05:24   3,0   0,0   0,0   3,3  25,2   11:20    NE
11  17,2  21,8   16:00  12,6   05:00   0,8   0,0   0,0   2,7   7,2   12:00    NE
12  17,1  21,2   13:53  12,1   23:59   0,9   0,0   1,0   4,1  27,0   15:40   WSW
13  16,2  22,6   13:19  11,1   04:11   1,8   0,0   0,0   3,7  32,0   10:10   SSE
14  16,3  21,2   14:08  12,9   23:56   1,7   0,0   0,5   4,6  34,9   16:05    SW
15   8,2  12,9   00:00   4,6   17:58   9,8   0,0  80,8   6,4  36,0   10:00   ENE
16  10,1  16,5   17:01   5,3   04:00   7,9   0,0   0,0   3,4  24,5   12:06    NW
17  12,7  17,9   18:37   8,6   06:00   5,3   0,0   0,0   2,9  19,4   14:10   WNW
18  15,1  21,8   16:34  10,9   04:00   2,9   0,0   0,0   7,6  29,9   14:10     E
19  17,1  24,1   17:16  13,1   05:00   0,9   0,0   0,0   5,7  29,2   09:52   ENE
20  15,7  20,1   12:36  13,3   22:38   2,3   0,0   3,6   2,7  17,3   15:41     E
21  16,8  24,8   14:14  12,6   02:58   1,2   0,0   0,0   4,5  29,5   21:25     E
22  17,3  24,9   18:50  14,9   04:50   0,7   0,0   5,2   5,0   2,9   18:50   WSW
23  19,1  24,9   18:50  16,9   23:30   0,0   1,1   0,0   5,9  23,4   19:29     E
24  21,4  25,9   14:10  16,1   04:30   0,0   3,4   0,0   4,3  26,6   14:20   ESE
25  20,7  26,3   14:35  16,1   04:30   0,0   2,7   0,0   5,8  26,6   22:00   ESE
26  18,2  24,7   15:36  14,3   05:09   0,0   0,2   0,0   4,3  29,9   07:33   WNW
27  18,9  22,1   14:09  16,1   03:09   0,0   0,9   0,0   3,4  29,2   15:50    SW
28  13,8  22,1   14:09   7,6   06:26   4,2   0,0  32,1   5,3  29,2   15:41    NE
29  14,6  20,9   15:26   8,5   04:26   3,4   0,0   0,0   3,9  14,4   14:26     N
30  17,3  24,1   16:26  12,6   05:26   0,7   0,0   0,0   4,1  13,3   19:00   ESE
31  17,3  22,2   16:07  13,6   03:26   0,7   0,0   0,0   3,1  23,0   12:03   WSW
----------------------------------------------------------------------------------
    14,8  26,3    25     3,8     5   107,9   8,3 129,4   4,7  52,2     4     ESE

Max >=  30,0:  0
Max <=   0,0:  0
Min <=   0,0:  0
Min <=  -5,0:  0
Max Rain: 80,8 on day 15
Days of Rain: 7 (> 1,0 mm)  2 (> 10,0 mm)  2 (> 20,0 mm)
Heat Base: 18,0  Cool Base: 18,0  Method: Integration