NOAA-Style klimatska poročila

Izberi mesečna ali letna poročila
2017: jan feb mar apr maj jun jul avg sep okt nov dec
2016: jan feb mar apr maj jun jul avg sep okt nov dec
2015: jan feb mar apr maj jun jul avg sep okt nov dec
2014: jan feb mar apr maj jun jul avg sep okt nov dec
2013: jan feb mar apr maj jun jul avg sep okt nov dec
2012: jan feb mar apr maj jun jul avg sep okt nov dec
2011: jan feb mar apr maj jun jul avg sep okt nov dec
2010: jan feb mar apr maj jun jul avg sep okt nov dec
2009: jan feb mar apr maj jun jul avg sep okt nov dec
2008: jan feb mar apr maj jun jul avg sep okt nov dec
2007: jan feb mar apr maj jun jul avg sep okt nov dec
2006: jan feb mar apr maj jun jul avg sep okt nov dec
2005: jan feb mar apr maj jun jul avg sep okt nov dec
2004: jan feb mar apr maj jun jul avg sep okt nov dec
2003: jan feb mar apr maj jun jul avg sep okt nov dec
2002: jan feb mar apr maj jun jul avg sep okt nov dec

Poročilo za 2011 april
                   Monthly Climatological Summary for apr 2011

Name: Vremenska postaja Okroglo   City: Kal nad Kanalom   State: Slovenija
Elevation: 770 m  Lat: N 46° 04' 21"   Lon: E 013° 44' 04"

                  Temperature (°C), Rain (mm), Wind Speed (km/h)

                                      Heat  Cool        Avg
    Mean                              Deg   Deg         Wind                 Dom
Day Temp  High   Time   Low    Time   Days  Days  Rain  Speed High   Time    Dir
----------------------------------------------------------------------------------
 1  13,1  18,3   16:53  10,4   06:53   4,9   0,0   0,0   1,5  11,9   15:30    NW
 2  13,6  17,9   15:53   9,8   05:53   4,4   0,0   0,0   4,3  20,5   14:53   WSW
 3  16,3  18,8   15:40  10,5   03:53   1,7   0,0   0,0   6,3  24,8   14:10   WSW
 4  13,8  18,9   14:20   6,8   23:20   4,2   0,0   9,3   5,6  24,8   14:04   WSW
 5  10,2  17,4   16:54   5,6   01:20   7,8   0,0   5,7   5,6  28,1   08:15    NE
 6  11,4  16,8   15:05   7,6   06:20   6,6   0,0   0,0   3,6  20,5   13:10     W
 7  15,4  20,6   14:41  11,6   00:20   2,6   0,0   0,0   6,0  24,5   12:59    SW
 8  17,5  23,9   17:41  13,4   01:20   0,5   0,0   0,0   2,8  19,1   10:36   NNW
 9  19,1  25,8   14:37  15,2   02:20   0,0   1,1   0,0   5,3  48,2   15:36   NNW
10  12,5  18,1   16:29   6,3   07:18   5,5   0,0   0,0   8,1  45,4   07:11    SE
11  13,0  17,6   14:39   9,9   07:20   5,0   0,0   0,0   4,4  26,3   15:44     W
12  11,7  16,5   14:27   4,8   21:52   6,3   0,0  10,9   6,0  37,4   21:01     W
13   5,8   9,6   12:57   2,8   06:20  12,2   0,0   0,0   5,1  30,2   12:03   WNW
14   6,3  10,3   14:10   3,3   04:20  11,7   0,0   0,0   3,6  27,7   12:21     W
15   6,4  11,8   16:21   3,3   07:18  11,6   0,0   0,0   6,8  23,0   09:25    NE
16   6,5  11,5   17:17   3,9   05:20  11,5   0,0   0,0   7,0  31,7   12:10    NE
17   8,2  13,5   15:46   3,3   04:55   9,8   0,0   0,0   5,7  33,1   14:41   ENE
18  10,0  16,8   17:02   5,1   02:20   8,0   0,0   0,0   5,0  33,5   13:18   ENE
19  11,6  18,1   15:46   6,7   05:20   6,4   0,0   0,0   3,3  27,7   14:56     E
20  12,1  18,0   14:57   7,9   07:17   5,9   0,0   0,0   3,3  23,4   17:50     W
21  12,4  16,7   14:52   9,4   06:20   5,6   0,0   0,0   5,7  24,8   11:50    SW
22  11,9  16,8   14:21   8,1   06:20   6,1   0,0   0,0   4,6  27,4   16:31    SW
23  12,1  16,5   14:46   8,4   03:18   5,9   0,0   0,0   3,5  26,9   13:20   WSW
24  11,7  15,5   14:45   9,1   06:20   6,3   0,0   0,0   5,4  26,3   14:10    SW
25  11,7  19,3   13:18   9,6   05:20   6,3   0,0   5,2   3,4  26,6   14:00   ENE
26  11,7  18,5   16:16   8,5   06:20   6,3   0,0   0,0   8,1  36,0   11:50   ENE
27  10,4  16,5   15:01   7,4   23:20   7,6   0,0   6,2  13,0  45,0   10:40    NE
28   9,9  12,0   14:32   7,2   00:20   8,1   0,0   3,1  10,4  44,3   09:10    NE
29   9,3  12,1   16:20   8,1   05:20   8,7   0,0   0,5  ----  16,6   01:20   ---
30  10,0  15,8   16:09   8,0   05:20   8,0   0,0   5,7  ----  17,3   14:51   ---
----------------------------------------------------------------------------------
    11,5  25,8     9     2,8    13   195,5   1,1  46,6   5,5  48,2     9       N

Max >=  30,0:  0
Max <=   0,0:  0
Min <=   0,0:  0
Min <=  -5,0:  0
Max Rain: 10,9 on day 12
Days of Rain: 7 (> 1,0 mm)  1 (> 10,0 mm)  0 (> 20,0 mm)
Heat Base: 18,0  Cool Base: 18,0  Method: Integration