Veter Od: 15-12-2017 00:00 Do: 08:59 Opozorilo za: Veter Stopnja: Oranžna info button

Maksimalna hitrost vetra : od 70 do 85 km/h. Veter maje drevesa in lahko že lomi veje. Ovira cestni promet določenih kategorij in lahko že nekoliko otežuje gibanje. Morje je zmerno vzvalovano (3). Vrata in okna naj bodo zaprta. Na prostem se ne zadržujte na potencialno nevarnih mestih. Priporočamo dodatno previdnost v prometu. Priporočamo previdnost na morju.

Dež Od: 14-12-2017 23:00 Do: 15-12-2017 22:59 Opozorilo za: Dež Stopnja: Rumena info button

Možne so izdatnejše padavine. Količina padavin : od 50 do 85 mm/24h. Vodotoki lahko poplavljajo ob strugah na območju pogostih poplav. Verjetne so motnje v prometu in pri oskrbi z električno energijo in pitno vodo. Možni so zemeljski plazovi. Iz nižjih prostorov in kleti umaknite hrano, premičnine, dokumente, denar in druge dragocenosti. Izklopite elektriko, plin in vodovod. Ne skušajte prečkati vodnega toka. Bodite previdni pri uživanju hrane in vode. Spremljajte trend vodostaja in meteorološka ter hidrološka obvestila in opozorila ter informacije, ki jih posredujejo pristojne službe in organi.

NOAA-Style klimatska poročila

Izberi mesečna ali letna poročila
2017: jan feb mar apr maj jun jul avg sep okt nov dec
2016: jan feb mar apr maj jun jul avg sep okt nov dec
2015: jan feb mar apr maj jun jul avg sep okt nov dec
2014: jan feb mar apr maj jun jul avg sep okt nov dec
2013: jan feb mar apr maj jun jul avg sep okt nov dec
2012: jan feb mar apr maj jun jul avg sep okt nov dec
2011: jan feb mar apr maj jun jul avg sep okt nov dec
2010: jan feb mar apr maj jun jul avg sep okt nov dec
2009: jan feb mar apr maj jun jul avg sep okt nov dec
2008: jan feb mar apr maj jun jul avg sep okt nov dec
2007: jan feb mar apr maj jun jul avg sep okt nov dec
2006: jan feb mar apr maj jun jul avg sep okt nov dec
2005: jan feb mar apr maj jun jul avg sep okt nov dec
2004: jan feb mar apr maj jun jul avg sep okt nov dec
2003: jan feb mar apr maj jun jul avg sep okt nov dec
2002: jan feb mar apr maj jun jul avg sep okt nov dec

Poročilo za 2011 marec
                   Monthly Climatological Summary for mar 2011

Name: Vremenska postaja Okroglo   City: Kal nad Kanalom   State: Slovenija
Elevation: 770 m  Lat: N 46° 04' 21"   Lon: E 013° 44' 04"

                  Temperature (°C), Rain (mm), Wind Speed (km/h)

                                      Heat  Cool        Avg
    Mean                              Deg   Deg         Wind                 Dom
Day Temp  High   Time   Low    Time   Days  Days  Rain  Speed High   Time    Dir
----------------------------------------------------------------------------------
 1  -2,3  -0,8   14:58  -3,2   06:20  20,3   0,0   0,0  19,2  91,4   21:12     E
 2  -2,9  -1,9   12:03  -4,1   19:14  20,9   0,0   0,0  18,6  79,2   07:30   ENE
 3  -3,8  -2,4   16:51  -4,8   06:56  21,8   0,0   0,0  14,6  55,1   10:33   ESE
 4  -1,2   3,1   15:12  -3,4   02:20  19,2   0,0   0,0  12,6  56,5   22:24   ESE
 5   1,3   7,9   13:47  -2,9   06:20  16,7   0,0   0,0   8,5  34,2   13:09    SE
 6   1,8   4,9   11:24  -1,1   23:54  16,2   0,0   0,0  11,3  66,6   18:26   ESE
 7  -0,2   6,8   14:36  -3,4   23:54  18,2   0,0   0,0   6,2  32,0   21:50     E
 8  -0,9   6,4   14:32  -4,7   06:54  18,9   0,0   0,0   3,4  20,5   12:20    NW
 9   0,8   6,4   14:15  -3,2   04:52  17,2   0,0   0,0   2,3  18,0   14:33   WSW
10   2,5   7,2   14:33  -0,2   01:27  15,5   0,0   0,0   3,0  21,6   13:52   WSW
11   4,0   9,0   14:59   0,1   05:53  14,0   0,0   0,0   4,4  23,8   14:09   WSW
12   4,7   8,9   12:34   1,4   05:53  13,3   0,0   0,0   6,0  25,2   14:40   WSW
13   6,1   8,3   10:50   5,3   23:53  11,9   0,0  20,2   8,6  31,7   19:24   SSW
14   7,5   8,0   04:53   5,6   00:53  10,5   0,0  43,5  10,1  33,1   08:52    SW
15   7,5   8,5   15:08   6,9   05:53  10,5   0,0  37,3   3,1  25,6   19:03   SSW
16   6,8   7,3   03:56   6,3   11:00  11,2   0,0  61,6   5,2  36,7   20:06   ENE
17   6,4   7,5   05:53   5,5   09:27  11,6   0,0  40,4  15,9  41,4   14:14    SW
18   7,2  10,7   14:40   5,7   02:53  10,8   0,0   1,6   2,6  16,2   13:20     W
19   6,3  11,8   13:15   3,1   23:53  11,7   0,0   0,0   5,4  39,2   20:22   ENE
20   4,9  10,4   15:38   1,3   23:53  13,1   0,0   0,0  11,6  45,7   10:06    NE
21   3,6   9,3   13:50   0,4   01:53  14,4   0,0   0,0  11,2  48,2   11:25    NE
22   6,7  14,8   15:26   1,9   00:53  11,3   0,0   0,0   5,1  37,4   07:55     E
23   9,4  16,5   13:57   4,0   05:24   8,6   0,0   0,0   3,3  20,9   14:43   WNW
24  10,4  16,8   14:10   7,0   04:53   7,6   0,0   0,0   3,9  22,0   15:45   WSW
25   9,5  14,3   14:14   6,0   22:53   8,5   0,0   0,0   9,2  30,2   13:34   WSW
26   7,6  11,3   13:46   5,4   05:53  10,4   0,0   0,0   9,5  30,6   13:37    SW
27   6,6   8,0   14:24   5,1   23:53  11,4   0,0   0,5   7,5  29,2   19:35    SW
28   6,6   8,3   15:53   5,1   00:53  11,4   0,0   9,9   2,1  20,2   23:19   WSW
29   9,1  15,3   17:51   5,3   06:13   8,9   0,0   0,0   4,6  29,2   15:19   ENE
30   9,6  14,9   15:42   5,8   05:53   8,4   0,0   0,0   4,6  25,2   16:43   WSW
31  11,1  16,4   16:18   7,1   05:53   6,9   0,0   0,0   3,3  20,2   13:44   WSW
----------------------------------------------------------------------------------
     4,7  16,8    24    -4,8     3   411,3   0,0 215,0   7,5  91,4     1      SE

Max >=  30,0:  0
Max <=   0,0:  3
Min <=   0,0: 10
Min <=  -5,0:  0
Max Rain: 61,6 on day 16
Days of Rain: 7 (> 1,0 mm)  5 (> 10,0 mm)  5 (> 20,0 mm)
Heat Base: 18,0  Cool Base: 18,0  Method: Integration