NOAA-Style klimatska poročila

Izberi mesečna ali letna poročila
2017: jan feb mar apr maj jun jul avg sep okt nov dec
2016: jan feb mar apr maj jun jul avg sep okt nov dec
2015: jan feb mar apr maj jun jul avg sep okt nov dec
2014: jan feb mar apr maj jun jul avg sep okt nov dec
2013: jan feb mar apr maj jun jul avg sep okt nov dec
2012: jan feb mar apr maj jun jul avg sep okt nov dec
2011: jan feb mar apr maj jun jul avg sep okt nov dec
2010: jan feb mar apr maj jun jul avg sep okt nov dec
2009: jan feb mar apr maj jun jul avg sep okt nov dec
2008: jan feb mar apr maj jun jul avg sep okt nov dec
2007: jan feb mar apr maj jun jul avg sep okt nov dec
2006: jan feb mar apr maj jun jul avg sep okt nov dec
2005: jan feb mar apr maj jun jul avg sep okt nov dec
2004: jan feb mar apr maj jun jul avg sep okt nov dec
2003: jan feb mar apr maj jun jul avg sep okt nov dec
2002: jan feb mar apr maj jun jul avg sep okt nov dec

Poročilo za 2011 februar
                   Monthly Climatological Summary for feb 2011

Name: Vremenska postaja Okroglo   City: Kal nad Kanalom   State: Slovenija
Elevation: 770 m  Lat: N 46° 04' 21"   Lon: E 013° 44' 04"

                  Temperature (°C), Rain (mm), Wind Speed (km/h)

                                      Heat  Cool        Avg
    Mean                              Deg   Deg         Wind                 Dom
Day Temp  High   Time   Low    Time   Days  Days  Rain  Speed High   Time    Dir
----------------------------------------------------------------------------------
 1  -1,0   7,3   15:30  -6,1   05:01  19,0   0,0   0,0   6,0  36,7   19:29   WNW
 2   0,4   5,5   15:30  -4,7   22:21  17,6   0,0   0,0   7,0  35,6   19:03    SE
 3   0,6   7,2   15:47  -4,7   00:30  17,4   0,0   0,0   7,2  33,8   11:44   ESE
 4   5,5  16,3   16:30   1,7   06:30  12,5   0,0   0,0   2,7  28,4   07:40    SE
 5   5,3  11,1   12:33   3,4   07:30  12,7   0,0   0,0   1,0  11,9   12:27   WNW
 6   9,5  20,1   16:30   4,1   00:30   8,5   0,0   0,0   0,7   4,0   04:30   ENE
 7   9,4  16,3   13:45   6,2   07:30   8,6   0,0   0,0   2,2  16,9   15:19     W
 8   7,4  12,6   12:56   2,8   06:41  10,6   0,0   0,0   1,6  16,9   23:41   WNW
 9   6,0  10,9   14:20   3,3   07:44  12,0   0,0   0,0   7,1  38,2   09:42     E
10   6,2  12,9   15:24   3,1   07:14  11,8   0,0   0,0   2,6  27,4   09:39   NNE
11   3,8   7,0   13:39   1,8   19:07  14,2   0,0   0,0   4,8  23,4   13:14    SW
12   3,5   5,1   16:46   2,1   01:41  14,5   0,0   0,0   1,8  19,8   20:42   NNW
13   2,7   3,6   18:41   2,1   05:41  15,3   0,0   1,0   0,2   6,5   00:41    NE
14   2,5   4,4   13:41   0,9   22:41  15,5   0,0   0,0   0,1   1,8   23:41   NNE
15   1,2   2,6   22:41  -0,1   01:41  16,8   0,0   1,0   1,2   6,1   01:41    NE
16   2,1   4,4   03:41  -0,2   22:49  15,9   0,0  23,8   7,5  40,0   23:49   ENE
17   1,4   4,4   15:47  -0,1   00:00  16,6   0,0   8,8   5,1  40,0   00:26   ESE
18   4,3   9,6   14:46   0,2   23:51  13,7   0,0   0,0   5,1  42,8   21:45   ESE
19   2,0  10,9   14:42  -0,6   03:20  16,0   0,0   0,0   5,4  43,2   00:32     E
20   1,0   2,5   14:49  -0,2   23:20  17,0   0,0   0,0   6,1  30,2   18:43     E
21  -0,9  -0,4   00:20  -2,1   07:21  18,9   0,0   0,0  11,4  46,8   07:30   ENE
22  -3,5  -0,7   15:13  -4,6   07:20  21,5   0,0   0,0  12,3  60,8   20:24   ESE
23  -3,9   2,2   14:16  -6,9   23:20  21,9   0,0   0,0   6,7  31,3   06:20     E
24  -3,3   4,7   14:32  -8,2   07:10  21,3   0,0   0,0   6,8  31,7   09:58   ENE
25  -1,1   7,3   13:41  -5,0   01:20  19,1   0,0   0,0   5,9  30,6   11:36   ENE
26  -1,7   3,2   15:43  -4,2   05:41  19,7   0,0   0,0  11,7  50,4   11:52     E
27  -1,3   3,4   13:45  -3,6   08:09  19,3   0,0   0,0   7,0  36,7   19:41   ESE
28  -1,5   3,9   14:32  -3,2   07:17  19,5   0,0   0,0  10,2  41,4   22:12   ESE
----------------------------------------------------------------------------------
     2,0  20,1     6    -8,2    24   447,4   0,0  34,6   6,2  60,8    22       E

Max >=  30,0:  0
Max <=   0,0:  2
Min <=   0,0: 16
Min <=  -5,0:  4
Max Rain: 23,8 on day 16
Days of Rain: 4 (> 1,0 mm)  1 (> 10,0 mm)  1 (> 20,0 mm)
Heat Base: 18,0  Cool Base: 18,0  Method: Integration